 the prime factors of 18711560.
2, 5, 7, 17, 3931
List the prime factors of 1514832.
2, 3, 11, 19, 151
List the prime factors of 1964161.
193, 10177
List the prime factors of 470688.
2, 3, 4903
List the prime factors of 716997.
3, 199, 1201
What are the prime factors of 1079562?
2, 3, 11, 1487
What are the prime factors of 194264?
2, 7, 3469
List the prime factors of 302934.
2, 3, 29, 1741
What are the prime factors of 305?
5, 61
List the prime factors of 4740546.
2, 3, 173, 4567
What are the prime factors of 1445798?
2, 722899
What are the prime factors of 1651852?
2, 503, 821
What are the prime factors of 2266570?
2, 5, 226657
List the prime factors of 12858682.
2, 6429341
List the prime factors of 5989121.
167, 35863
List the prime factors of 706186.
2, 13, 157, 173
What are the prime factors of 3322539?
3, 11, 113
List the prime factors of 67609.
17, 41, 97
What are the prime factors of 12598170?
2, 3, 5, 13, 32303
What are the prime factors of 6819080?
2, 5, 227, 751
List the prime factors of 8321824.
2, 7, 97, 383
What are the prime factors of 573197?
573197
What are the prime factors of 3864725?
5, 154589
List the prime factors of 35547982.
2, 241, 73751
What are the prime factors of 343179?
3, 17, 2243
What are the prime factors of 6684375?
3, 5, 23, 31
List the prime factors of 20758855.
5, 13, 59, 5413
What are the prime factors of 2012230?
2, 5, 11, 1663
What are the prime factors of 106563?
3, 35521
What are the prime factors of 1476123?
3, 11, 41, 1091
List the prime factors of 2746914.
2, 3, 223, 2053
List the prime factors of 196020.
2, 3, 5, 11
What are the prime factors of 10359680?
2, 5, 16187
What are the prime factors of 477010?
2, 5, 47701
List the prime factors of 33796937.
33796937
What are the prime factors of 9802?
2, 13, 29
What are the prime factors of 1551181?
29, 89, 601
List the prime factors of 6289680.
2, 3, 5, 73, 359
List the prime factors of 13663492.
2, 503, 6791
List the prime factors of 1334041.
17, 97, 809
List the prime factors of 358275.
3, 5, 17, 281
What are the prime factors of 4705239?
3, 7, 11, 20369
List the prime factors of 488833.
488833
List the prime factors of 2818352.
2, 353, 499
List the prime factors of 696011.
457, 1523
List the prime factors of 291240.
2, 3, 5, 809
What are the prime factors of 692168?
2, 31, 2791
List the prime factors of 72353.
72353
What are the prime factors of 1378420?
2, 5, 41
What are the prime factors of 14047381?
14047381
List the prime factors of 480409.
480409
List the prime factors of 674450.
2, 5, 7, 41, 47
What are the prime factors of 9184300?
2, 5, 29, 3167
List the prime factors of 3889645.
5, 23, 149, 227
List the prime factors of 475678.
2, 7, 61, 557
List the prime factors of 1741159.
7, 248737
List the prime factors of 386056.
2, 11, 41, 107
List the prime factors of 1481321.
1481321
What are the prime factors of 891864?
2, 3, 4129
What are the prime factors of 35729254?
2, 11, 1624057
What are the prime factors of 208717?
37, 5641
What are the prime factors of 154665?
3, 5, 7, 491
What are the prime factors of 616864?
2, 37, 521
What are the prime factors of 1558664?
2, 23, 43, 197
What are the prime factors of 584983?
7, 193, 433
List the prime factors of 2508111.
3, 92893
List the prime factors of 251332.
2, 19, 3307
What are the prime factors of 6620773?
587, 11279
List the prime factors of 125778.
2, 3, 20963
List the prime factors of 215944.
2, 26993
What are the prime factors of 1058625?
3, 5, 941
What are the prime factors of 410236?
2, 102559
List the prime factors of 5053828.
2, 13, 17, 5717
What are the prime factors of 1307613?
3, 41, 10631
List the prime factors of 71937.
3, 7993
List the prime factors of 662211.
3, 11, 6689
What are the prime factors of 246900?
2, 3, 5, 823
List the prime factors of 131215.
5, 7, 23, 163
What are the prime factors of 755495?
5, 13, 59, 197
What are the prime factors of 2306248?
2, 7, 41183
What are the prime factors of 102577?
67, 1531
List the prime factors of 2155311.
3, 17, 14087
What are the prime factors of 33614670?
2, 3, 5, 41, 27329
List the prime factors of 141691.
11, 1171
What are the prime factors of 64965?
3, 5, 61, 71
List the prime factors of 376663.
7, 7687
List the prime factors of 53488.
2, 3343
What are the prime factors of 743065?
5, 353, 421
List the prime factors of 24920457.
3, 19, 437201
What are the prime factors of 13541264?
2, 11, 47, 1637
What are the prime factors of 82362?
2, 3, 7, 37, 53
List the prime factors of 3463097.
11, 314827
List the prime factors of 2259799.
89, 25391
What are the prime factors of 1707619?
199, 8581
List the prime factors of 5111173.
1789, 2857
List the prime factors of 13240.
2, 5, 331
What are the prime factors of 5485076?
2, 53, 25873
List the prime factors of 3232131.
3, 7, 153911
What are the prime factors of 11366108?
2, 13, 218579
What are the prime factors of 511389?
3, 56821
List the prime factors of 6654880.
2, 5, 41593
What are the prime factors of 639148?
2, 159787
What are the prime factors of 17368047?
3, 53, 229
What are the prime factors of 75622?
2, 37811
List the prime factors of 110588.
2, 27647
What are the prime factors of 1648601?
1648601
What are the prime factors of 1713658?
2, 877, 977
List the prime factors of 1897458.
2, 3, 316243
List the prime factors of 32701.
53, 617
What are the prime factors of 23217903?
3, 17, 263, 577
List the prime factors of 273103.
79, 3457
List the prime factors of 20132887.
1811, 11117
List the prime factors of 7404287.
11, 673117
List the prime factors of 1007604.
2, 3, 13, 2153
What are the prime factors of 1855198?
2, 19, 48821
List the prime factors of 5418835.
5, 17, 37, 1723
What are the prime factors of 1541640?
2, 3, 5, 29, 443
What are the prime factors of 1405300?
2, 5, 13, 23, 47
List the prime factors of 1160603.
23, 50461
List the prime factors of 800872.
2, 100109
What are the prime factors of 1100776?
2, 137597
What are the prime factors of 5901591?
3, 71, 103, 269
List the prime factors of 22995617.
149, 154333
List the prime factors of 2368463.
2368463
List the prime factors of 36944.
2, 2309
What are the prime factors of 87107?
87107
List the prime factors of 245321.
245321
List the prime factors of 12632899.
12632899
List the prime factors of 261456.
2, 3, 13, 419
List the prime factors of 84106.
2, 11, 3823
What are the prime factors of 13000922?
2, 11, 101, 5851
List the prime factors of 23421037.
37, 633001
List the prime factors of 3193689.
3, 67, 15889
What are the prime factors of 429105?
3, 5, 28607
List the prime factors of 578726.
2, 23, 547
List the prime factors of 2171528.
2, 521
List the prime factors of 8311381.
13, 639337
List the prime factors of 393691.
23, 17117
What are the prime factors of 5115767?
73, 70079
What are the prime factors of 357849?
3, 39761
List the prime factors of 1007131.
17, 59243
What are the prime factors of 3173924?
2, 13, 67, 911
What are the prime factors of 284671?
23, 12377
What are the prime factors of 929803?
7, 19, 6991
List the prime factors of 8134196.
2, 7, 47, 883
What are the prime factors of 12714848?
2, 73, 5443
List the prime factors of 992889.
3, 110321
What are the prime factors of 2193964?
2, 269, 2039
List the prime factors of 1494322.
2, 747161
What are the prime factors of 443781?
3, 13, 3793
What are the prime factors of 5923905?
3, 5, 13, 17, 1787
List the prime factors of 159213.
3, 73, 727
What are the prime factors of 17696581?
7, 19, 47, 149
What are the prime factors of 1707037?
23, 74219
What are the prime factors of 5550950?
2, 5, 67, 1657
What are the prime factors of 2792458?
2, 47, 61, 487
What are the prime factors of 4566386?
2, 11, 207563
List the prime factors of 9669.
3, 11, 293
List the prime factors of 344928.
2, 3, 3593
What are the prime factors of 4810810?
2, 5, 29, 53, 313
What are the prime factors of 1327108?
2, 331777
What are the prime factors of 3915044?
2, 7, 37, 3779
List the prime factors of 954324.
2, 3, 7, 541
What are the prime factors of 231917?
7, 4733
List the prime factors of 1133543.
17, 131, 509
List the prime factors of 372629.
372629
List the prime factors of 16351693.
1423, 11491
List the prime factors of 523008.
2, 3, 227
What are the prime factors of 1106457?
3, 